0 = -2*j - 1, 0 = w*h - 5*j + 80. Let z = h + 33. Is z a prime number?
False
Suppose 21 - 6 = 5*w. Suppose -31 = -w*n - 4*z + 58, n - 5*z + 2 = 0. Is n prime?
True
Suppose 2*y + 3 = 3*y. Let r = y - 6. Let p = -1 - r. Is p composite?
False
Let y = -11 - -30. Is y composite?
False
Is (-4)/4 + 4 + 19 composite?
True
Let z(o) = 4*o**3 - 2*o + 1. Let g(b) = 8*b**3 - b**2 - 4*b + 3. Let j(p) = 3*g(p) - 7*z(p). Is j(-3) a prime number?
False
Let o(x) = 10*x + 6. Is o(10) a composite number?
True
Let q = -3 - -3. Let o(i) = -4*i + 2*i + 26 + i. Is o(q) composite?
True
Suppose -2*v + 4*t + 42 = 0, 5*v - t - 64 = 32. Is v a composite number?
False
Let d = -176 - -315. Is d a composite number?
False
Let z = 5 + -3. Suppose 23 = 3*f + z. Is f a composite number?
False
Let a(g) = 173*g + 4. Is a(11) prime?
True
Let l = 2 + -4. Is 50*(-1)/4*l a prime number?
False
Suppose -5*s + 109 + 306 = 0. Let i = 214 - s. Is i composite?
False
Let y be (0 - 6)/((-6)/4). Suppose -f + y*s = 4*f + 41, 5*s = 20. Let u(z) = z**3 + 5*z**2 + 2. Is u(f) a prime number?
True
Suppose -5*w + 6784 = -2*m - 1019, 3*m = -5*w + 7808. Is w composite?
True
Let g = 114 + -6. Let t = g - -64. Let m = t - 119. Is m composite?
False
Let d(x) = 2*x**3 + 2*x**2 - 2*x + 1. Let y be d(1). Let o = y + -7. Is (-354)/(o - -1) + 0 a prime number?
False
Is 255 + 8*(-1)/2 a prime number?
True
Suppose -4*z - 311 = -3*d, -z = d + 2*d - 331. Is d a prime number?
True
Let j(m) = -m**3 + 7*m**2 - 4*m + 5. Let l(g) = 5*g. Let o be l(1). Is j(o) a composite number?
True
Let u be (-2)/(-3) - (-1)/3. Let q(i) = i**2 + u + 6*i**2 - 2*i + 0*i**2. Is q(3) a prime number?
False
Let p(k) be the second derivative of -k**3/6 + 19*k**2/2 + 3*k. Is p(0) a composite number?
False
Let d = -35 - -139. Suppose 0 = -u - 5*n + d, -3*n + 95 = u - n. Is u a prime number?
True
Suppose -2*w + 3 = -5. Let i be (0 - -2)/(w/14). Suppose 0 = 3*t - 3*y + i*y - 58, 0 = 2*t - 5*y - 54. Is t a prime number?
False
Suppose -2*o + r = -0 - 6, -4*o - r + 18 = 0. Let i(z) = 0*z**2 - o - z**2 + 2*z**2. Is i(9) a composite number?
True
Suppose 3*i + 0*x + 2*x = 404, i + 3*x - 130 = 0. Let h = i + -53. Is h a prime number?
True
Let u be 4/(-2) + (-10512)/(-12). Suppose -3*p = 103 - u. Is p prime?
True
Suppose -4*z - 904 = -2228. Is z a prime number?
True
Let r = 5 + -5. Let s(d) = d**3 + d**2 - d + 89. Is s(r) composite?
False
Let q(h) = 58*h + 1. Suppose -7 = 2*n + 5. Let m(p) = -57*p - 1. Let f(z) = n*m(z) - 5*q(z). Is f(1) composite?
False
Suppose 6*h = -346 + 2368. Let o be (2 + 5/(-4))*4. Suppose 0 = -y + 2, -4*a = -o*y - h + 3. Is a composite?
True
Let d be (1 - (-1 - 0))/(-1). Let o be (-4 - -4)*(-1)/d. Suppose -5*y + y + 148 = o. Is y a composite number?
False
Suppose -5*l - 13 + 35 = h, 0 = -2*h - 5*l + 39. Suppose 3*s = -4*f - 2*s - 92, 4*f - 2*s + 64 = 0. Let a = h - f. Is a a prime number?
False
Let r(a) = 5*a - 3. Let t(z) = 2*z**3 + 3*z**2 - 2*z + 1. Let s be t(-3). Let d = -12 - s. Is r(d) composite?
False
Let z(i) = -3*i**3 - 3*i**2 - 6*i - 5. Suppose -d - 42 = -4*d. Suppose d = -5*m - 6. Is z(m) a prime number?
True
Let y = -9 + 5. Let k be (-2 - -352)*(-2)/y. Suppose 7*m - k = 2*m. Is m a prime number?
False
Let w = -9 - -113. Suppose w = m - 687. Is m a composite number?
True
Suppose c - 12 = -2*c. Suppose 3*m = -4*b - 19, m + m - c*b - 14 = 0. Is 0/m + 37 + 0 a composite number?
False
Let m(k) = -k**2 + 19. Let o be m(0). Let g = o + 32. Is g prime?
False
Suppose 4*b = 7*b + 21. Let u = 20 + b. Is u composite?
False
Let n(y) = 2*y**2 + 1. Let l be n(1). Suppose -122 = -k + 3*x, -7*x + 570 = 5*k - 2*x. Suppose l*b = 5*b - k. Is b a composite number?
True
Let g(c) be the first derivative of c**4/4 + 3*c**2 - 2*c + 1. Let q be g(4). Let w = q - 31. Is w a prime number?
False
Is (0 - 3)*(5410/6)/(-5) composite?
False
Let u be -1 - -6 - (-1)/(-1). Suppose -3*v + u = -5. Suppose -4*a + 84 = v*o - 5, 3*o + 3*a = 93. Is o a prime number?
False
Let n be 0 + 3/3 - -1. Suppose 123 - 21 = n*r - 2*m, 3*m + 106 = 2*r. Is r composite?
False
Let k(a) = 13*a + 10. Is k(9) composite?
False
Let q(i) = 15*i + 20. Is q(9) prime?
False
Let q be (-1)/(-2) + (-1)/(-2). Is q/((4/94)/2) a prime number?
True
Suppose -3*b = 9 - 0. Is (51/12 + b)*20 a composite number?
True
Suppose -4*l + 2280 = -3*o - o, -3*l + 1700 = -o. Is l composite?
True
Let n = 773 + -330. Is n a prime number?
True
Suppose 0*y + 3*k = -3*y + 393, 0 = -2*y + 4*k + 238. Is y a composite number?
False
Suppose -a = 2*a - 69. Suppose -20 = 4*c - 8*o + 3*o, -o = -2*c - 4. Suppose c*y - a = -y. Is y prime?
True
Let g(q) = 91*q - 3. Let f be g(2). Let j = 268 - f. Is j a prime number?
True
Let h be 108/14 - 2/(-7). Let j(m) = -m**2 + 17*m + 5. Is j(h) a composite number?
True
Let q be -3 - -6 - -2 - 2. Suppose -q*z = -2*z - 77. Is z a prime number?
False
Suppose -p - 3*p + 332 = 0. Is p a prime number?
True
Let n(g) = -g + 83. Is n(0) prime?
True
Let k(m) be the second derivative of -m**5/20 + 11*m**4/12 - m**3/6 + 7*m**2/2 - 2*m. Is k(10) prime?
True
Let u = -817 + 1306. Is u a prime number?
False
Let q(x) = -x - 1. Let p(t) = -2*t - 1. Let u(a) = -5*p(a) + 6*q(a). Let h be u(1). Suppose o = 4*o - h*d - 120, 0 = 5*o - 4*d - 203. Is o a composite number?
False
Suppose -228 = -2*s - 2*s. Let k = s + -38. Suppose -5*o = -4*o - k. Is o composite?
False
Let h(x) = 2*x**2 + 6*x. Let v be h(-4). Let d be ((-20)/(-16))/(2/v). Suppose -3*m - 3*c = c - 465, -5*c = -d*m + 775. Is m a composite number?
True
Suppose -2*h = -536 - 1042. Is h composite?
True
Let z be (-4 - -1)/(9/(-6)). Suppose 7*l + 45 = z*l. Is (-24)/l + (-2)/3 a composite number?
False
Let w(j) = j**3 + 4*j**2 + 6*j - 2. Let y(r) = -r**2 + r. Let l(a) = w(a) - 6*y(a). Is l(-9) composite?
False
Let n(b) = b**2 - 7*b + 6. Let u be n(7). Is (-1846)/(-6) - u/9 a composite number?
False
Let j(p) = 5*p**3 - 4*p**3 - 6 + p**2 + 3*p**2 - 5*p. Is j(-4) composite?
True
Let l(n) = 157*n**3 - 3*n**2 + 1 + 1480*n**3 + 2*n**2 + 0*n**2. Is l(1) composite?
False
Suppose 14*i - i = 1651. Is i a composite number?
False
Suppose -4*h = 2*j - 622, -103 - 57 = -h + j. Is h prime?
True
Let g = -1263 - -2378. Is g prime?
False
Let d(u) = 5*u**2 - 4*u - 7. Let z be d(-8). Suppose -3*b = -54 - z. Is b prime?
False
Is -2*((-716)/8 - 2) a prime number?
False
Let q = -5 - -3. Let a be 99*(-2)/4*q. Suppose a = -3*b + 6*b. Is b prime?
False
Let q = 661 - 450. Is q prime?
True
Let w be ((-4)/(-2))/((-8)/108). Let f = 28 - w. Is f a prime number?
False
Suppose 12*j - 9509 = 9967. Is j a prime number?
False
Suppose 3*i - 363 = -2*g, -5*i - 3*g + 601 = -g. Is i composite?
True
Suppose 30*x + 618 = 32*x. Is x a composite number?
True
Suppose -v = -j - 1, -3*v + 0*v = -12. Suppose 2*n + j*n + 29 = -3*q, -2*n + 3*q = -1. Let s(b) = -31*b + 3. Is s(n) composite?
False
Suppose n + 8 = 5*n. Suppose n*z - 190 + 36 = 0. Is z a composite number?
True
Let m(r) = 3*r**2 + r + 3. Let j be ((-8)/6)/((-6)/(-9)). Let v = 1 - j. Is m(v) prime?
False
Let o(v) = -v - 8. Let u be o(-8). Suppose u = f - 1 - 4. Suppose 4*y - f*k = 5*y - 32, y - k - 2 = 0. Is y a composite number?
False
Suppose 5*r - 9835 = -0*r. Is r composite?
True
Let v(m) = 7*m**2 - 2*m**3 - 7*m + 2 - 3 + 3*m**3 - 2*m**3. Let u be v(8). Let k = u - -178. Is k composite?
True
Let g be 2/(-4)*5*2. Let i(v) = -2*v**3 - 8*v**2 - 6*v - 1. Is i(g) composite?
False
Suppose -28 = c - 3*c. Is c a composite number?
True
Let g = 678 + -387. Is g prime?
False
Suppose -5 = 5*a - 15. Is (a/4)/((-1)/(-194)) a composite number?
False
Suppose 2*s = 3*h + 6, 3*s + 2 = 2*h + 11. Suppose h*q - 14 = -q + 5*x, 2*x = -q + 21. Is q a prime number?
True
Suppose -2*w + v + 35 = 0, v - 2 = -1. Suppose -12 - 14 = -2*i + 4*p, 0 = -3*i - p + w. Is ((-38)/4)/(i/(-14)) a prime number?
True
Suppose 10*m - 7*m - 18 = 0. Suppose -m*a + 7*a = 37. Is a a prime number?
True
Let h = 15 - 5. Suppose -h = 5*d, -2*d + 20 = -4*u - 16. Let n(k) = k**3 + 11*k**2 + 8*k + 1. Is n(u) a composite number?
True
Suppose 0 = -13*k + 35181 + 14102. Is k a prime number?
False
Let k = -556 - -397. Let y = 316 + k. Is y composite?
False
Suppose o + k + 51 = 6*o, -49 = -5*o - k. Let s(y) = y - 10. Let p be s(o). Suppose 3*u + 15 = p, d + 14 = -d - 4*u. Is d composit